{"id":1479,"date":"2013-11-01T12:11:54","date_gmt":"2013-11-01T11:11:54","guid":{"rendered":"http:\/\/peterl.de\/?page_id=1479"},"modified":"2017-08-08T09:49:37","modified_gmt":"2017-08-08T07:49:37","slug":"rolly-mini-o-zul","status":"publish","type":"page","link":"https:\/\/www.werbeanhaenger.com\/?page_id=1479","title":{"rendered":"Rolly MINI o.Zul."},"content":{"rendered":"<p>Hier k\u00f6nnen Sie Infos \u00fcber den RentMe-Mikro lesen oder direkt zum<\/p>\n<ul>\n<li><a href=\"https:\/\/www.werbeanhaenger.com\/?product=werberolly-mini-b300xh200cm\">Rolly-Mini Werbeanh\u00e4nger gelangen<\/a><\/li>\n<\/ul>\n<p><span style=\"line-height: 1.5;\">Der ROLLY-MINI ist der Gro\u00dfe unter den Kleinen rollbaren Werbeanh\u00e4ngern der perfekt auf Privatgrundst\u00fccken, Gro\u00dfparkpl\u00e4tzen von Einkaufscentren, M\u00f6belh\u00e4user oder Autoh\u00e4usern oder sonstigen Stellpl\u00e4tzen eingesetzt werden kann und \u00a0gro\u00df und plakativ Ihre Kommunikationsbotschaften an Ihre Zielgruppe \u00fcbermittelt.<\/span><\/p>\n<p>Die ROLLY-Modelle sind nur auf \u00f6ffentlich Strassen zugelassen, sofern das Zugfahrzeug mit ROLLY im Gespann nachweislich nicht schneller als 6km pro Stunde f\u00e4hrt, oder er sich auf privaten Grund befindet.<\/p>\n<p>Das Tolle an dem Werbeanh\u00e4nger ROLLY-MINI ist, das er im Verh\u00e4ltnis zu den geringen Kosten eine wirklich gro\u00dfe Werbefl\u00e4che von B300 x H 200 cm bietet! Der Werbeanh\u00e4nger ist leicht zu wegen und kann f\u00fcr Promotioneins\u00e4tze in der City, auch als Werbehandwagen mit Ihrem Werbeplakat mit genehmigten\u00a0Promotionteam, durch die City geschoben werden. Und das ganze auch noch mit einer echt riesigen Werbefl\u00e4che. Ihr Verteilerteam wird sich freuen, denn jetzt werden Sie mit Ihren Werbebotschaften wirklich gesehen!! Besser, einfacher und gr\u00f6\u00dfer gehts nicht!<\/p>\n<p>Und sollte Ihr Promotionteam eine Pause machen, den Werbeanh\u00e4nger k\u00f6nnen sie sicher mit Kette anschliessen, so das er gesichert am Platz steht, und trotzdem weiterhin f\u00fcr Sie wirbt. Und zwar rund um die Uhr! Er ist extrem g\u00fcnstig\u00a0in der Anmietung, l\u00e4sst sich schnell \u00fcberall hin transportieren und ist ein professioneller, kleiner Werbeanh\u00e4nger mit erstaunlichen Kompetenzen!<\/p>\n<p>Gerade der MINI eignet sich bestens f\u00fcr Streuwerbung, wir nennen es auch kleine &#8222;Werbesatellitten&#8220; die \u00fcberall in der Region, mit und ohne Genehmigung, in der Sie werben m\u00f6chten zahlreich aufgestellt werden kann. Meist werden 4er, 8er oder 12er Sets gebucht, denn f\u00fcr erfolgreiche Werbung sollte man m\u00f6glichst viele Blickkontakte generieren!<\/p>\n<p>Der MINI wiegt mit Balast je nach Werbeeinsatzzweck 300 bis 600 KG, hat 4 St\u00fctzen, ist ungebremst und wird so aufgebockt, das er standsicher auf den R\u00e4dern und auf den St\u00fctzen steht, oder er kann geschoben in Bewegung bleiben, mit minimaler Muskelkraft. Ein echter MINI mit Maxi-Werbeleistung!<\/p>\n<p><a href=\"https:\/\/www.werbeanhaenger.com\/?product=werberolly-mini-b300xh200cm\">HIER GEHT ES ZUM WERBEROLLY MINI!<\/a><\/p>\n","protected":false},"excerpt":{"rendered":"<p>Hier k\u00f6nnen Sie Infos \u00fcber den RentMe-Mikro lesen oder direkt zum Rolly-Mini Werbeanh\u00e4nger gelangen Der ROLLY-MINI ist der Gro\u00dfe unter [&hellip;]<\/p>\n","protected":false},"author":1,"featured_media":0,"parent":0,"menu_order":0,"comment_status":"closed","ping_status":"closed","template":"page-fullwidth.php","meta":{"footnotes":"","_links_to":"","_links_to_target":""},"class_list":["post-1479","page","type-page","status-publish","hentry","no-featured-image"],"_links":{"self":[{"href":"https:\/\/www.werbeanhaenger.com\/index.php?rest_route=\/wp\/v2\/pages\/1479","targetHints":{"allow":["GET"]}}],"collection":[{"href":"https:\/\/www.werbeanhaenger.com\/index.php?rest_route=\/wp\/v2\/pages"}],"about":[{"href":"https:\/\/www.werbeanhaenger.com\/index.php?rest_route=\/wp\/v2\/types\/page"}],"author":[{"embeddable":true,"href":"https:\/\/www.werbeanhaenger.com\/index.php?rest_route=\/wp\/v2\/users\/1"}],"replies":[{"embeddable":true,"href":"https:\/\/www.werbeanhaenger.com\/index.php?rest_route=%2Fwp%2Fv2%2Fcomments&post=1479"}],"version-history":[{"count":13,"href":"https:\/\/www.werbeanhaenger.com\/index.php?rest_route=\/wp\/v2\/pages\/1479\/revisions"}],"predecessor-version":[{"id":6676,"href":"https:\/\/www.werbeanhaenger.com\/index.php?rest_route=\/wp\/v2\/pages\/1479\/revisions\/6676"}],"wp:attachment":[{"href":"https:\/\/www.werbeanhaenger.com\/index.php?rest_route=%2Fwp%2Fv2%2Fmedia&parent=1479"}],"curies":[{"name":"wp","href":"https:\/\/api.w.org\/{rel}","templated":true}]}}