{"id":5405,"date":"2016-11-07T07:57:25","date_gmt":"2016-11-07T06:57:25","guid":{"rendered":"http:\/\/peterl.de\/?post_type=product&#038;p=5405"},"modified":"2019-04-03T18:48:55","modified_gmt":"2019-04-03T16:48:55","slug":"citcar-b1xl-mit-dachaufbau-b250-x-h250cm-t125cm","status":"publish","type":"product","link":"https:\/\/www.werbeanhaenger.com\/?product=citcar-b1xl-mit-dachaufbau-b250-x-h250cm-t125cm","title":{"rendered":"Preise f\u00fcr Werbefahrzeug CitCar-B1xl, mit Dachaufbau B250 x H250cm, T125cm"},"content":{"rendered":"<p>Die CitCar -Werbefahrzeuge und RentMe-Werbeanh\u00e4nger erm\u00f6glichen Ihnen h\u00f6chstm\u00f6gliche Aufmerksamkeit und Flexibilit\u00e4t an Ihrem Werbeort.<br \/>\nF\u00fcr die Werbeanh\u00e4nger ben\u00f6tigen Sie ein eigenes Zugfahrzeug oder wir stellen Ihnen ein CitCar-Zugfahrzeug!<br \/>\n<b>Hier buchen Sie ausschliesslich nur<\/b><b><br \/>\n<\/b><b>das Zug- oder Werbefahrzeug mit Dachaufbau.<\/b><b><br \/>\n<\/b>(Zugfahrzeug geeignet f\u00fcr Werbeanh\u00e4nger Mikro bis Big).<\/p>\n<p><b>Der Werbeanh\u00e4nger Mini\/Standard\/Big ist f\u00fcr dieses Fahrzeug<\/b><b><br \/>\n<\/b><b>sep. in den Warenkorb zu packen!<\/b><\/p>\n<p><b>Bei Buchungs-Auswahl als \u201cStandfahrzeug\u201d ist nur<\/b><b><br \/>\n<\/b><b>das Bringen zum Stellplatz sowie das sp\u00e4tere Zur\u00fcckbringen<\/b><b><br \/>\n<\/b><b>als Fahrt in den Preisen includiert.<\/b><\/p>\n<p>Sie erhalten alle CitCar Werbefahrzeuge werbefertig und vollgetankt, nach Wunsch ausgestattet\/ \u00fcbergeben.\u00a0Sie w\u00e4hlen Einsatzort und Einsatzzweck.<br \/>\n<b>Es stehen folgende Buchungspakete zur Verf\u00fcgung:<\/b><b><br \/>\n<\/b>&#8211; Zugfahrzeug nur als Standfahrzeug<br \/>\n&#8211; Zugfahrzeug mit Promotionfahrer (wir fahren f\u00fcr Sie)<br \/>\n&#8211; Zugfahrzeug zum selber Fahren. Sie oder Ihr Mitarbeiter f\u00e4hrt incl. der<br \/>\nvereinbarten Fahrleistungen von 150\/300km\/Tag oder nach Wahl.<\/p>\n<p><b>Der Fahrer muss f\u00fcr das F\u00fchren dieser PKW\/Anh\u00e4ngerkombination im Besitz einer g\u00fcltigen Fahrerlaubnis sein und mindestens F\u00fchrerscheinklasse B besitzen.\u00a0Stand: 30.06.2019<\/b><\/p>\n<p>Verbrauchskosten wie Sprit f\u00fcr Fahrzeug und Speesen (Essen \/ Hotel) f\u00fcr Fahrer gehen immer extra!<br \/>\nSofern Sie CitCar mehr als zum Verbringen zum vorher vereinbarten Aufstellort verwenden m\u00f6chten, bzw. einen sep. Promotor\/Fahrer ben\u00f6tigen, ist das Buchungspaket entsprechend zu erweitern.<\/p>\n<p>Sie k\u00f6nnen w\u00e4hlen ob Sie CitCar blanko verwenden,<br \/>\noder mit Werbetr\u00e4ger-Dachaufbau\/Werbefl\u00e4che mit Beschriftung buchen m\u00f6chten.<br \/>\nWird das Fahrzeug ohne Beschriftung gebucht, entf\u00e4llt automatisch der Werbetr\u00e4ger\/der Dachbau.<\/p>\n<p><b>Versicherungsschutz:<\/b><br \/>\nGrunds\u00e4tzlich sind die Zugfahrzeuge ordentlich zugelassen und Haftpflicht- und Teilkaskoversichert, technisch gepr\u00fcft und werden gewartet,\u00a0betriebsbereit, gereinigt und vollgetankt \u00fcbergeben.<br \/>\nBei Sch\u00e4den haften Sie mit 1.000,00 \u20ac Selbstbeteiligung, die sep. zu jeder Buchung als Sicherheit zu hinterlegen\/anzuweisen sind (in den Warenkorb einf\u00fcgen).<br \/>\nDas Zugfahrzeug ist bei R\u00fcckgabe vollgetankt mit unterschriebenen \u00dcbergabeprotokoll an vereinbarten R\u00fcckgabetag an Citmax zur\u00fcck zu \u00fcbergeben. Bei R\u00fcckgabe mit nicht vollen Tank tankt Citmax f\u00fcr Sie und berechnet pro Liter Pauschal 2,50 \u20ac.<br \/>\nMiet\u00fcberziehung wird pro Tag mit dem Tagesgrundpreis berechnet.<br \/>\nAusnahme: Sie buchen vor \u00dcberziehung die weiteren<br \/>\nVerl\u00e4ngerungstage\/-Wochen\/-Monate bei uns.<\/p>\n","protected":false},"excerpt":{"rendered":"<p><strong>Fahrzeugklasse B1<\/strong>\u00a0(Mittel-PKW wie Passat\/DaciaLogan\/Kombi o.\u00e4.)\u00a0mit Anh.-Kupplung, mit Strassenzulassung, T\u00dcV und Haftpfl.+TK-Vers.., als Standfahrzeug mit Dachaufbau \u201cB1xl\u201d links\/rechts je B250 x H250cm und Front\/Heck B125\/10cm x H250cm<br \/>\n<strong>Optional:<\/strong><br \/>\n&#8211; als Zug- oder Promotionfahrzeug.<br \/>\n&#8211; mit oder ohne Fahrer ausw\u00e4hlbar.<br \/>\n&#8211; mit oder ohne Beschriftung buchbar.<br \/>\n&#8211; mit oder ohne Werbeanh\u00e4nger (siehe \u201cWerbeanh\u00e4nger\u201d)<\/p>\n<p><strong>W\u00e4hlen Sie: schwarzes Auswahlfeld anklicken,<\/strong><br \/>\n<strong>Auswahl nach und nach in den Warenkorb packen.<\/strong><\/p>\n","protected":false},"featured_media":5406,"comment_status":"closed","ping_status":"closed","template":"","meta":{"_links_to":"","_links_to_target":""},"product_cat":[279],"product_tag":[],"class_list":{"0":"post-5405","1":"product","2":"type-product","3":"status-publish","4":"has-post-thumbnail","6":"product_cat-standfahrzeuge-mit-dachaufbau","7":"pa_zug-stand-werbekfz-miete-1-tag-nur-zugfahrzeug-bis-100km-ab-division-zum-festen-standort-ohne-dachaufbau-ohne-fahrer-selbstabholerruecklieferung-pauschal","8":"pa_zug-stand-werbekfz-miete-1-tag-nur-zugfahrzeug-bis-100km-ab-division-zum-festen-standort-ohne-dachaufbau-mit-fahrer-incl-anlieferungrueckholung-pauschal","9":"pa_zug-stand-werbekfz-aufpreis-verlaengerungstag-standfahrzeug-am-festen-standort-ohne-dachaufbau-pro-tag-pauschal","10":"pa_zug-stand-werbekfz-mietpreis-pro-woche-aufpreis-verlaengerungswoche-standfahrzeug-am-festen-standort-ohne-dachaufbau-je","11":"pa_zug-stand-werbekfz-mietpreis-pro-monat-aufpreis-verlaengerungsmonat-standfahrzeug-am-festen-standort-ohne-dachaufbau-je","12":"pa_zug-stand-werbekfz-mietpreis-pro-jahr-aufpreis-verlaengerungsjahr-standfahrzeug-am-festen-standort-ohne-dachaufbau-ab-1-jahr-je-monat","13":"pa_zug-stand-werbekfz-beschriftung-zugfahrzeug-beide-tuerflaechen-bis-b90-x-h-30-cm-li-re-von-fertiger-druckdatei-pauschal","14":"pa_zug-stand-werbekfz-aufpreis-fuer-beschriftung-links-rechts-dachaufbau-incl-druckmontage-von-druckfertiger-datei-je-fahrzeug","15":"pa_zug-stand-werbekfz-aufpreis-fuer-beschriftung-vorne-hinten-dachaufbau-incl-druckmontage-von-druckfertiger-datei-je-fahrzeug","16":"pa_zug-stand-werbekfz-aufpreis-fuer-sie-fahren-incl-sprit-bis-150kmtag-pro-tag-pauschal","17":"pa_zug-stand-werbekfz-aufpreis-fuer-sie-fahren-ab-7te-tag-pro-woche-incl-sprit-bis-1-000kmwoche-pro-woche-pauschal","18":"pa_zug-stand-werbekfz-aufpreis-fuer-wir-fahren-incl-sprit-bis-150kmtag-pro-tag-pauschal","19":"pa_zug-stand-werbekfz-aufpreis-fuer-wir-fahren-ab-7te-tag-pro-woche-incl-sprit-bis-1-000kmwoche-pro-woche-pauschal","20":"pa_zug-stand-werbekfz-mietverlaengerungswoche-mit-promotionfahrer-bis-150kmtag-pauschal-pro-woche","21":"pa_zug-stand-werbekfz-aufpreis-promotion-scout-beifahrer-2900-estd-pauschal-pro-tag-8-std-23200-e","22":"pa_zug-stand-werbekfz-aufpreis-support-scout-koordination-3500-estd-pauschal-pro-tag-8-std-28000-e","23":"pa_zug-stand-werbekfz-taschengeldhandlingvorkasse-zur-abrechnung-zum-tanken-promotionmaterial-sonderkosten-pauschal-je-1000-e-anzahl-auswaehlen","24":"pa_zug-stand-werbekfz-speesenpauschale-ab-10-std-fuer-fahrerpromotorscout-pro-tag-pauschal-je-person","25":"pa_zug-stand-werbekfz-uebernachtungspauschale-fuer-hotelzimmer-fuer-fahrerpromotorscout-pro-nacht-pauschal-je-person","26":"pa_zug-stand-werbekfz-ruecklieferung-abholung-mehrkm-als-pauschal-vereinbart-nach-google-maps-nach-verbrauch-pauschal-je-km-anzahl-auswaehlen","28":"first","29":"instock","30":"taxable","31":"shipping-taxable","32":"purchasable","33":"product-type-variable","34":"has-default-attributes","35":"has-featured-image","36":"portrait"},"_links":{"self":[{"href":"https:\/\/www.werbeanhaenger.com\/index.php?rest_route=\/wp\/v2\/product\/5405","targetHints":{"allow":["GET"]}}],"collection":[{"href":"https:\/\/www.werbeanhaenger.com\/index.php?rest_route=\/wp\/v2\/product"}],"about":[{"href":"https:\/\/www.werbeanhaenger.com\/index.php?rest_route=\/wp\/v2\/types\/product"}],"replies":[{"embeddable":true,"href":"https:\/\/www.werbeanhaenger.com\/index.php?rest_route=%2Fwp%2Fv2%2Fcomments&post=5405"}],"wp:featuredmedia":[{"embeddable":true,"href":"https:\/\/www.werbeanhaenger.com\/index.php?rest_route=\/wp\/v2\/media\/5406"}],"wp:attachment":[{"href":"https:\/\/www.werbeanhaenger.com\/index.php?rest_route=%2Fwp%2Fv2%2Fmedia&parent=5405"}],"wp:term":[{"taxonomy":"product_cat","embeddable":true,"href":"https:\/\/www.werbeanhaenger.com\/index.php?rest_route=%2Fwp%2Fv2%2Fproduct_cat&post=5405"},{"taxonomy":"product_tag","embeddable":true,"href":"https:\/\/www.werbeanhaenger.com\/index.php?rest_route=%2Fwp%2Fv2%2Fproduct_tag&post=5405"}],"curies":[{"name":"wp","href":"https:\/\/api.w.org\/{rel}","templated":true}]}}